{"id":29320,"date":"2024-07-16T17:07:53","date_gmt":"2024-07-16T15:07:53","guid":{"rendered":"https:\/\/chroniques-biennale.org\/event\/la-tisseuse-dhistoires\/"},"modified":"2025-01-20T09:22:49","modified_gmt":"2025-01-20T08:22:49","slug":"la-tisseuse-dhistoires","status":"publish","type":"event","link":"https:\/\/chroniques-biennale.org\/en\/event\/la-tisseuse-dhistoires\/","title":{"rendered":"La Tisseuse d\u2019Histoires"},"content":{"rendered":"\n<h1 class=\"wp-block-heading\">La Tisseuse d\u2019Histoires <\/h1>\n\n\n\n<h2 class=\"wp-block-heading\">Hypnoscope<\/h2>\n\n\n\n<div style=\"height:50px\" aria-hidden=\"true\" class=\"wp-block-spacer\"><\/div>\n\n\n\n<div class=\"wp-block-columns is-layout-flex wp-container-core-columns-is-layout-28f84493 wp-block-columns-is-layout-flex\">\n<div class=\"wp-block-column is-layout-flow wp-block-column-is-layout-flow\" style=\"flex-basis:33.33%\">\n<h5 class=\"wp-block-heading caps\">PRACTICAL INFORMATION<\/h5>\n\n\n\n<p><b><strong>Sat. 18 and Sun. 19 Jan. 2025<\/strong><\/b> <br><strong>Continuous, free admission<br>2-4:30 pm and 5-7 pm <\/strong><br><br>Show: all audiences <br>Virtual reality: recommended for ages 12 and up<\/p>\n\n\n\n<p><br><strong><strong>Workshop: Crafting our stories<\/strong><\/strong><br><strong><strong>Mon. 28 to Thu.<\/strong><\/strong>&nbsp;<strong><strong>Oct. 31, 2024<\/strong><\/strong><br>2pm to 5pm<br>FREE<\/p>\n\n\n\n<div class=\"wp-block-buttons is-layout-flex wp-block-buttons-is-layout-flex\">\n<div class=\"wp-block-button\"><a class=\"wp-block-button__link wp-element-button\" href=\"https:\/\/billetterie.chroniques-biennale.org\/event\/437477-stage-fabriquer-nos-histoires-la-tisseuse-dhistoires\" target=\"_blank\" rel=\"noreferrer noopener\">Course booking<\/a><\/div>\n<\/div>\n\n\n\n<p><strong>Workshop: bringing the Story Weaver to life<\/strong><br><strong>Wed.<\/strong>&nbsp;<strong>Jan. 15, 2025 : 2 pm<\/strong><br>Adults and children aged 12 and over<br>Duration: 2 hours<\/p>\n\n\n\n<div class=\"wp-block-buttons is-layout-flex wp-block-buttons-is-layout-flex\">\n<div class=\"wp-block-button\"><a class=\"wp-block-button__link wp-element-button\" href=\"https:\/\/billetterie.chroniques-biennale.org\/event\/437491-atelier-faire-vivre-la-tisseuse-dhistoires-la-tisseuse-dhistoires\" target=\"_blank\" rel=\"noreferrer noopener\">Workshop booking<\/a><\/div>\n<\/div>\n\n\n\n<p>Petit Plateau\u2028<br>Friche la Belle de Mai<\/p>\n<\/div>\n\n\n\n<div class=\"wp-block-column is-layout-flow wp-block-column-is-layout-flow\" style=\"flex-basis:66.66%\">\n<p>A hybrid, participatory work, <em>La Tisseuse d&#8217;histoires<\/em> fuses live performance, live music, virtual reality and cinematographic creation. The stories and sets on stage are the fruit of a collective creation carried out during workshops on the theme of Pleasure prior to the performance. On the day of the show, members of the audience are invited to activate these stories in the form of a virtual reality puppet show, accompanied by a musician, making each experience unique. <\/p>\n\n\n\n<p>Create new stories for<em> La Tisseuse d&#8217;<em>Histoires<\/em><\/em> (in performance on Saturday January 18 and Sunday January 19, 2025), during a three-part workshop.<\/p>\n\n\n\n<p class=\"has-small-font-size\">Created by Collectif Hypnoscope: L. Mchedlishvili (FR), R. Sagot-Duvauroux (FR), L. Vuarnesson (FR) and M. Ballarini (FR) Music (piano): Satsuki Hoshino\u00a0<\/p>\n\n\n\n<p class=\"has-small-font-size\"> Presented as part of the European Realities in Transition project, in partnership with Th\u00e9\u00e2tre Massalia &#8211; Sc\u00e8ne conventionn\u00e9e d&#8217;int\u00e9r\u00eat national Art, Enfance, Jeunesse.<\/p>\n<\/div>\n<\/div>\n\n\n\n<p><\/p>\n","protected":false},"excerpt":{"rendered":"<p>La Tisseuse d\u2019Histoires Hypnoscope PRACTICAL INFORMATION Sat. 18 and Sun. 19 Jan. 2025 Continuous, free admission2-4:30 pm and 5-7 pm [&hellip;]<\/p>\n","protected":false},"featured_media":28078,"parent":0,"menu_order":0,"template":"","ville":[37],"temps_fort":[46],"type_event":[87],"class_list":["post-29320","event","type-event","status-publish","has-post-thumbnail","hentry","type_event-performance-spectacle-vivant","entry"],"_links":{"self":[{"href":"https:\/\/chroniques-biennale.org\/en\/wp-json\/wp\/v2\/event\/29320","targetHints":{"allow":["GET"]}}],"collection":[{"href":"https:\/\/chroniques-biennale.org\/en\/wp-json\/wp\/v2\/event"}],"about":[{"href":"https:\/\/chroniques-biennale.org\/en\/wp-json\/wp\/v2\/types\/event"}],"wp:featuredmedia":[{"embeddable":true,"href":"https:\/\/chroniques-biennale.org\/en\/wp-json\/wp\/v2\/media\/28078"}],"wp:attachment":[{"href":"https:\/\/chroniques-biennale.org\/en\/wp-json\/wp\/v2\/media?parent=29320"}],"wp:term":[{"taxonomy":"ville","embeddable":true,"href":"https:\/\/chroniques-biennale.org\/en\/wp-json\/wp\/v2\/ville?post=29320"},{"taxonomy":"temps_fort","embeddable":true,"href":"https:\/\/chroniques-biennale.org\/en\/wp-json\/wp\/v2\/temps_fort?post=29320"},{"taxonomy":"type_event","embeddable":true,"href":"https:\/\/chroniques-biennale.org\/en\/wp-json\/wp\/v2\/type_event?post=29320"}],"curies":[{"name":"wp","href":"https:\/\/api.w.org\/{rel}","templated":true}]}}

<h1 class="wp-block-heading">La Tisseuse d’Histoires </h1>



<h2 class="wp-block-heading">Hypnoscope</h2>



<div style="height:50px" aria-hidden="true" class="wp-block-spacer"></div>



<div class="wp-block-columns is-layout-flex wp-container-core-columns-is-layout-28f84493 wp-block-columns-is-layout-flex">
<div class="wp-block-column is-layout-flow wp-block-column-is-layout-flow" style="flex-basis:33.33%">
<h5 class="wp-block-heading caps">PRACTICAL INFORMATION</h5>



<p><b><strong>Sat. 18 and Sun. 19 Jan. 2025</strong></b> <br><strong>Continuous, free admission<br>2-4:30 pm and 5-7 pm </strong><br><br>Show: all audiences <br>Virtual reality: recommended for ages 12 and up</p>



<p><br><strong><strong>Workshop: Crafting our stories</strong></strong><br><strong><strong>Mon. 28 to Thu.</strong></strong>&nbsp;<strong><strong>Oct. 31, 2024</strong></strong><br>2pm to 5pm<br>FREE</p>



<div class="wp-block-buttons is-layout-flex wp-block-buttons-is-layout-flex">
<div class="wp-block-button"><a class="wp-block-button__link wp-element-button" href="https://billetterie.chroniques-biennale.org/event/437477-stage-fabriquer-nos-histoires-la-tisseuse-dhistoires" target="_blank" rel="noreferrer noopener">Course booking</a></div>
</div>



<p><strong>Workshop: bringing the Story Weaver to life</strong><br><strong>Wed.</strong>&nbsp;<strong>Jan. 15, 2025 : 2 pm</strong><br>Adults and children aged 12 and over<br>Duration: 2 hours</p>



<div class="wp-block-buttons is-layout-flex wp-block-buttons-is-layout-flex">
<div class="wp-block-button"><a class="wp-block-button__link wp-element-button" href="https://billetterie.chroniques-biennale.org/event/437491-atelier-faire-vivre-la-tisseuse-dhistoires-la-tisseuse-dhistoires" target="_blank" rel="noreferrer noopener">Workshop booking</a></div>
</div>



<p>Petit Plateau <br>Friche la Belle de Mai</p>
</div>



<div class="wp-block-column is-layout-flow wp-block-column-is-layout-flow" style="flex-basis:66.66%">
<p>A hybrid, participatory work, <em>La Tisseuse d&#8217;histoires</em> fuses live performance, live music, virtual reality and cinematographic creation. The stories and sets on stage are the fruit of a collective creation carried out during workshops on the theme of Pleasure prior to the performance. On the day of the show, members of the audience are invited to activate these stories in the form of a virtual reality puppet show, accompanied by a musician, making each experience unique. </p>



<p>Create new stories for<em> La Tisseuse d&#8217;<em>Histoires</em></em> (in performance on Saturday January 18 and Sunday January 19, 2025), during a three-part workshop.</p>



<p class="has-small-font-size">Created by Collectif Hypnoscope: L. Mchedlishvili (FR), R. Sagot-Duvauroux (FR), L. Vuarnesson (FR) and M. Ballarini (FR) Music (piano): Satsuki Hoshino </p>



<p class="has-small-font-size"> Presented as part of the European Realities in Transition project, in partnership with Théâtre Massalia &#8211; Scène conventionnée d&#8217;intérêt national Art, Enfance, Jeunesse.</p>
</div>
</div>



<p></p>
