{"id":12290,"date":"2022-09-06T14:04:32","date_gmt":"2022-09-06T12:04:32","guid":{"rendered":"https:\/\/chroniques-biennale.org\/oeuvre\/ash-light\/"},"modified":"2022-09-06T14:09:00","modified_gmt":"2022-09-06T12:09:00","slug":"ash-light","status":"publish","type":"oeuvre","link":"https:\/\/chroniques-biennale.org\/en\/oeuvre\/ash-light\/","title":{"rendered":"Ash Light"},"content":{"rendered":"\n<div class=\"wp-block-group oeuvreTopRow is-layout-flow wp-block-group-is-layout-flow\">\n<h1 class=\"noMarginBottom caps edge wp-block-heading\">Ash Light<\/h1>\n\n\n\n<h2 class=\"caps is-style-noMarginBottom wp-block-heading\">Am\u00e9lie Bouvier<\/h2>\n<\/div>\n\n\n\n<div class=\"wp-block-columns is-layout-flex wp-container-core-columns-is-layout-28f84493 wp-block-columns-is-layout-flex\">\n<div class=\"wp-block-column is-layout-flow wp-block-column-is-layout-flow\" style=\"flex-basis:25%\">\n<h4 class=\"wp-block-heading\">Drawing<\/h4>\n<\/div>\n\n\n\n<div class=\"wp-block-column is-layout-flow wp-block-column-is-layout-flow\" style=\"flex-basis:75%\">\n<p>At the Royal Observatory of Brussels, a drawing of the Sun is sketched by hand every single day to follow the progression of sunspots. Based on this daily scientific practice, <em>Ash Light<\/em> takes its cue from the Sun\u2019s mysterious multi-faceted surface, represented here by a radiant element which evokes both sun and moon; a celestial body in perpetual motion and mutation.<\/p>\n\n\n\n<p>The mathematical space of the grid in the background and varying spectral colours convey the scientific spirit, while on the foreground a dynamic repetition unfolds, highlighting the importance and value of hand-drawn sketches in a society where these processes have largely been taken over by technologically driven applications. <em>Ash Light<\/em> (<em>Lumi\u00e8re Cendr\u00e9e<\/em> in French), is an astronomical term for the dim illumination caused by the sunlight that reflects off a planet\u2019s surface and onto the otherwise dark side of a moon in its orbit &#8211; or in our case: earthshine.<\/p>\n\n\n\n<p>The title directly opens up to the myths and narratives which have always surrounded the Sun and Moon; the flame of life and the ashes of death.<\/p>\n\n\n\n<figure class=\"wp-block-image size-large\"><img loading=\"lazy\" decoding=\"async\" width=\"1024\" height=\"995\" src=\"https:\/\/chroniques-biennale.org\/wp-content\/uploads\/2022\/09\/03_Ash_light_Photo-by-Gilles-Ribero-1-1024x995.jpg\" alt=\"\" class=\"wp-image-12283\" srcset=\"https:\/\/chroniques-biennale.org\/wp-content\/uploads\/2022\/09\/03_Ash_light_Photo-by-Gilles-Ribero-1-1024x995.jpg 1024w, https:\/\/chroniques-biennale.org\/wp-content\/uploads\/2022\/09\/03_Ash_light_Photo-by-Gilles-Ribero-1-300x292.jpg 300w, https:\/\/chroniques-biennale.org\/wp-content\/uploads\/2022\/09\/03_Ash_light_Photo-by-Gilles-Ribero-1-768x747.jpg 768w, https:\/\/chroniques-biennale.org\/wp-content\/uploads\/2022\/09\/03_Ash_light_Photo-by-Gilles-Ribero-1-1536x1493.jpg 1536w, https:\/\/chroniques-biennale.org\/wp-content\/uploads\/2022\/09\/03_Ash_light_Photo-by-Gilles-Ribero-1-2048x1991.jpg 2048w\" sizes=\"auto, (max-width: 1024px) 100vw, 1024px\" \/><figcaption><meta charset=\"utf-8\">\u00a9 Gilles Ribero<\/figcaption><\/figure>\n\n\n\n<p class=\"is-style-default\"><meta charset=\"utf-8\">Partagez cet \u00e9v\u00e9nement sur les r\u00e9seaux sociaux<\/p>\n\n\n<div class=\"socialLinks socialShare\"><ul><li><script>function fbs_click() {u=location.href;t=document.title;window.open('http:\/\/www.facebook.com\/sharer.php?u=https:\/\/chroniques-biennale.org\/en\/ash-light\/&t='+encodeURIComponent(t),'sharer','toolbar=0,status=0,width=626,height=436'); return false; }<\/script><a rel=\"nofollow\" href=\"http:\/\/www.facebook.com\/share.php?u=<;url>\" onclick=\"return fbs_click()\" target=\"_blank\" class=\"facebookLink\"><i class=\"fab fa-facebook-f\"><\/i><\/a><\/li><li><a href=\"https:\/\/www.linkedin.com\/shareArticle?mini=true&url=https:\/\/chroniques-biennale.org\/en\/ash-light\/\" target=\"_blank\" ><i class=\"fab fa-linkedin-in\"><\/i><\/a><\/li><li><a href=\"https:\/\/twitter.com\/intent\/tweet?text=Ash+Light&amp;url=https:\/\/chroniques-biennale.org\/en\/ash-light\/\" target=\"_blank\" class=\"twitterLink\"><i class=\"fab fa-twitter\"><\/i><\/a><\/li><\/ul><\/div>\n<\/div>\n<\/div>\n\n\n\n<h4 class=\"wp-block-heading\">Artistes<\/h4>\n\n\n<div class=\"artisteBlock  \"><div class=\"artisteBlockLeft\"><\/div><div class=\"artisteBlockRight\"><h2>Am\u00e9lie Bouvier <sup>(BE)<\/sup><\/h2><div class=\"artistContactLine\"><a href=\"http:\/\/ameliebouvier.com\/\" target=\"_blank\">ameliebouvier.com\/<\/a><\/div><div class=\"artisteContent\"><p>The artistic practice of Amelie Bouvier builds from historical research in the field of astronomy to question issues related to cultural memory and collective heritage. Astronomers in particular, and scientists in general, don\u2019t only explain the world, they also represent it through the construction of diagrams, illustrations, photographs or equations. For Bouvier, scientific imagery is an extension of knowledge that reveals ideological and ethical frameworks, which risk cloaking aspects of the reality they aim to represent. She is particularly interested in the sky and stars as a landscape that expose current socio-political contradictions and knowledge gaps. While her work is based on historical facts, data and visuals, she consistently mixes this with speculative imagery, adapting tools and techniques to present alternative potentialities.<\/p>\n<\/div><\/div><\/div>\n\n\n\n<div class=\"wp-block-columns is-layout-flex wp-container-core-columns-is-layout-28f84493 wp-block-columns-is-layout-flex\">\n<div class=\"wp-block-column is-layout-flow wp-block-column-is-layout-flow\" style=\"flex-basis:40%\">\n<h4 class=\"wp-block-heading\"><meta charset=\"utf-8\">Cr\u00e9dits &amp; mentions<\/h4>\n<\/div>\n\n\n\n<div class=\"wp-block-column is-layout-flow wp-block-column-is-layout-flow\" style=\"flex-basis:60%\">\n<p>Courtesy Am\u00e9lie Bouvier and Harlan Levey Projects<\/p>\n<\/div>\n<\/div>\n\n\n\n<p class=\"is-style-noMarginBottom\"><\/p>\n","protected":false},"featured_media":12284,"menu_order":0,"template":"","edition":[66],"type_oeuvre":[28],"class_list":["post-12290","oeuvre","type-oeuvre","status-publish","has-post-thumbnail","hentry","entry"],"_links":{"self":[{"href":"https:\/\/chroniques-biennale.org\/en\/wp-json\/wp\/v2\/oeuvre\/12290","targetHints":{"allow":["GET"]}}],"collection":[{"href":"https:\/\/chroniques-biennale.org\/en\/wp-json\/wp\/v2\/oeuvre"}],"about":[{"href":"https:\/\/chroniques-biennale.org\/en\/wp-json\/wp\/v2\/types\/oeuvre"}],"wp:featuredmedia":[{"embeddable":true,"href":"https:\/\/chroniques-biennale.org\/en\/wp-json\/wp\/v2\/media\/12284"}],"wp:attachment":[{"href":"https:\/\/chroniques-biennale.org\/en\/wp-json\/wp\/v2\/media?parent=12290"}],"wp:term":[{"taxonomy":"edition","embeddable":true,"href":"https:\/\/chroniques-biennale.org\/en\/wp-json\/wp\/v2\/edition?post=12290"},{"taxonomy":"type_oeuvre","embeddable":true,"href":"https:\/\/chroniques-biennale.org\/en\/wp-json\/wp\/v2\/type_oeuvre?post=12290"}],"curies":[{"name":"wp","href":"https:\/\/api.w.org\/{rel}","templated":true}]}}

<div class="wp-block-group oeuvreTopRow is-layout-flow wp-block-group-is-layout-flow">
<h1 class="noMarginBottom caps edge wp-block-heading">Ash Light</h1>



<h2 class="caps is-style-noMarginBottom wp-block-heading">Amélie Bouvier</h2>
</div>



<div class="wp-block-columns is-layout-flex wp-container-core-columns-is-layout-28f84493 wp-block-columns-is-layout-flex">
<div class="wp-block-column is-layout-flow wp-block-column-is-layout-flow" style="flex-basis:25%">
<h4 class="wp-block-heading">Drawing</h4>
</div>



<div class="wp-block-column is-layout-flow wp-block-column-is-layout-flow" style="flex-basis:75%">
<p>At the Royal Observatory of Brussels, a drawing of the Sun is sketched by hand every single day to follow the progression of sunspots. Based on this daily scientific practice, <em>Ash Light</em> takes its cue from the Sun’s mysterious multi-faceted surface, represented here by a radiant element which evokes both sun and moon; a celestial body in perpetual motion and mutation.</p>



<p>The mathematical space of the grid in the background and varying spectral colours convey the scientific spirit, while on the foreground a dynamic repetition unfolds, highlighting the importance and value of hand-drawn sketches in a society where these processes have largely been taken over by technologically driven applications. <em>Ash Light</em> (<em>Lumière Cendrée</em> in French), is an astronomical term for the dim illumination caused by the sunlight that reflects off a planet’s surface and onto the otherwise dark side of a moon in its orbit &#8211; or in our case: earthshine.</p>



<p>The title directly opens up to the myths and narratives which have always surrounded the Sun and Moon; the flame of life and the ashes of death.</p>



<figure class="wp-block-image size-large"><img loading="lazy" decoding="async" width="1024" height="995" src="https://chroniques-biennale.org/wp-content/uploads/2022/09/03_Ash_light_Photo-by-Gilles-Ribero-1-1024x995.jpg" alt="" class="wp-image-12283" srcset="https://chroniques-biennale.org/wp-content/uploads/2022/09/03_Ash_light_Photo-by-Gilles-Ribero-1-1024x995.jpg 1024w, https://chroniques-biennale.org/wp-content/uploads/2022/09/03_Ash_light_Photo-by-Gilles-Ribero-1-300x292.jpg 300w, https://chroniques-biennale.org/wp-content/uploads/2022/09/03_Ash_light_Photo-by-Gilles-Ribero-1-768x747.jpg 768w, https://chroniques-biennale.org/wp-content/uploads/2022/09/03_Ash_light_Photo-by-Gilles-Ribero-1-1536x1493.jpg 1536w, https://chroniques-biennale.org/wp-content/uploads/2022/09/03_Ash_light_Photo-by-Gilles-Ribero-1-2048x1991.jpg 2048w" sizes="auto, (max-width: 1024px) 100vw, 1024px" /><figcaption><meta charset="utf-8">© Gilles Ribero</figcaption></figure>



<p class="is-style-default"><meta charset="utf-8">Partagez cet événement sur les réseaux sociaux</p>


<div class="socialLinks socialShare"><ul><li><script>function fbs_click() {u=location.href;t=document.title;window.open('http://www.facebook.com/sharer.php?u=https://chroniques-biennale.org/en/ash-light/&t='+encodeURIComponent(t),'sharer','toolbar=0,status=0,width=626,height=436'); return false; }</script><a rel="nofollow" href="http://www.facebook.com/share.php?u=<;url>" onclick="return fbs_click()" target="_blank" class="facebookLink"><i class="fab fa-facebook-f"></i></a></li><li><a href="https://www.linkedin.com/shareArticle?mini=true&url=https://chroniques-biennale.org/en/ash-light/" target="_blank" ><i class="fab fa-linkedin-in"></i></a></li><li><a href="https://twitter.com/intent/tweet?text=Ash+Light&amp;url=https://chroniques-biennale.org/en/ash-light/" target="_blank" class="twitterLink"><i class="fab fa-twitter"></i></a></li></ul></div>
</div>
</div>



<h4 class="wp-block-heading">Artistes</h4>


<div class="artisteBlock  "><div class="artisteBlockLeft"></div><div class="artisteBlockRight"><h2>Amélie Bouvier <sup>(BE)</sup></h2><div class="artistContactLine"><a href="http://ameliebouvier.com/" target="_blank">ameliebouvier.com/</a></div><div class="artisteContent"><p>The artistic practice of Amelie Bouvier builds from historical research in the field of astronomy to question issues related to cultural memory and collective heritage. Astronomers in particular, and scientists in general, don’t only explain the world, they also represent it through the construction of diagrams, illustrations, photographs or equations. For Bouvier, scientific imagery is an extension of knowledge that reveals ideological and ethical frameworks, which risk cloaking aspects of the reality they aim to represent. She is particularly interested in the sky and stars as a landscape that expose current socio-political contradictions and knowledge gaps. While her work is based on historical facts, data and visuals, she consistently mixes this with speculative imagery, adapting tools and techniques to present alternative potentialities.</p>
</div></div></div>



<div class="wp-block-columns is-layout-flex wp-container-core-columns-is-layout-28f84493 wp-block-columns-is-layout-flex">
<div class="wp-block-column is-layout-flow wp-block-column-is-layout-flow" style="flex-basis:40%">
<h4 class="wp-block-heading"><meta charset="utf-8">Crédits &amp; mentions</h4>
</div>



<div class="wp-block-column is-layout-flow wp-block-column-is-layout-flow" style="flex-basis:60%">
<p>Courtesy Amélie Bouvier and Harlan Levey Projects</p>
</div>
</div>



<p class="is-style-noMarginBottom"></p>
