{"id":29197,"date":"2024-06-10T15:44:55","date_gmt":"2024-06-10T13:44:55","guid":{"rendered":"https:\/\/chroniques-biennale.org\/oeuvre\/how-pamela-anderson-and-my-camera-made-me-look-at-women-who-have-plastic-surgery\/"},"modified":"2025-02-13T13:34:47","modified_gmt":"2025-02-13T12:34:47","slug":"how-pamela-anderson-and-my-camera-made-me-look-at-women-who-have-plastic-surgery","status":"publish","type":"oeuvre","link":"https:\/\/chroniques-biennale.org\/en\/oeuvre\/how-pamela-anderson-and-my-camera-made-me-look-at-women-who-have-plastic-surgery\/","title":{"rendered":"HOW PAMELA ANDERSON AND MY CAMERA MADE ME LOOK AT WOMEN WHO HAVE PLASTIC SURGERY."},"content":{"rendered":"\n<div class=\"wp-block-group oeuvreTopRow is-layout-constrained wp-block-group-is-layout-constrained\">\n<h1 class=\"wp-block-heading is-style-default\">HOW PAMELA ANDERSON AND MY CAMERA MADE ME LOOK AT WOMEN WHO HAVE PLASTIC SURGERY.<\/h1>\n\n\n\n<h2 class=\"wp-block-heading\">Nina Gazaniol V\u00e9rit\u00e9<\/h2>\n\n\n\n<p>Video<\/p>\n<\/div>\n\n\n\n<div class=\"wp-block-columns is-layout-flex wp-container-core-columns-is-layout-28f84493 wp-block-columns-is-layout-flex\">\n<div class=\"wp-block-column is-layout-flow wp-block-column-is-layout-flow\" style=\"flex-basis:33.33%\"><\/div>\n\n\n\n<div class=\"wp-block-column is-layout-flow wp-block-column-is-layout-flow\" style=\"flex-basis:66.66%\">\n<p>In Marseille, inspired by Pamela Anderson, Nina Gazaniol V\u00e9rit\u00e9 embarked on a film adventure alongside several women who have resorted to cosmetic surgery and medicine. By questioning the trivialization of this practice, as well as notions of norms and deviance, she questions her own relationship with the feminine. This film is the sharing of a deconstruction, but perhaps also a story of lies and violence, blood and beauty, power and self-assertion.<\/p>\n<\/div>\n<\/div>\n\n\n\n<figure class=\"wp-block-image size-large is-resized\"><img decoding=\"async\" src=\"https:\/\/chroniques-biennale.org\/wp-content\/uploads\/2024\/07\/visu_pamela_hd-705x1024.jpg\" alt=\"\" class=\"wp-image-27682\" style=\"width:554px;height:auto\"\/><figcaption class=\"wp-element-caption\">\u00a9 Nina Gazaniol V\u00e9rit\u00e9<\/figcaption><\/figure>\n\n\n\n<figure class=\"wp-block-gallery has-nested-images columns-default is-cropped wp-block-gallery-1 is-layout-flex wp-block-gallery-is-layout-flex\">\n<figure class=\"wp-block-image size-large\"><img loading=\"lazy\" decoding=\"async\" width=\"1024\" height=\"576\" data-id=\"27676\" src=\"https:\/\/chroniques-biennale.org\/wp-content\/uploads\/2024\/07\/chirurgie_30-1-1024x576.jpg\" alt=\"\" class=\"wp-image-27676\" srcset=\"https:\/\/chroniques-biennale.org\/wp-content\/uploads\/2024\/07\/chirurgie_30-1-1024x576.jpg 1024w, https:\/\/chroniques-biennale.org\/wp-content\/uploads\/2024\/07\/chirurgie_30-1-300x169.jpg 300w, https:\/\/chroniques-biennale.org\/wp-content\/uploads\/2024\/07\/chirurgie_30-1-768x432.jpg 768w, https:\/\/chroniques-biennale.org\/wp-content\/uploads\/2024\/07\/chirurgie_30-1-1536x864.jpg 1536w, https:\/\/chroniques-biennale.org\/wp-content\/uploads\/2024\/07\/chirurgie_30-1-2048x1152.jpg 2048w\" sizes=\"auto, (max-width: 1024px) 100vw, 1024px\" \/><figcaption class=\"wp-element-caption\">\u00a9 Nina Gazaniol V\u00e9rit\u00e9<\/figcaption><\/figure>\n\n\n\n<figure class=\"wp-block-image size-large\"><img loading=\"lazy\" decoding=\"async\" width=\"683\" height=\"1024\" data-id=\"27677\" src=\"https:\/\/chroniques-biennale.org\/wp-content\/uploads\/2024\/07\/DSC00308-copie-683x1024.jpg\" alt=\"\" class=\"wp-image-27677\" srcset=\"https:\/\/chroniques-biennale.org\/wp-content\/uploads\/2024\/07\/DSC00308-copie-683x1024.jpg 683w, https:\/\/chroniques-biennale.org\/wp-content\/uploads\/2024\/07\/DSC00308-copie-200x300.jpg 200w, https:\/\/chroniques-biennale.org\/wp-content\/uploads\/2024\/07\/DSC00308-copie-768x1152.jpg 768w, https:\/\/chroniques-biennale.org\/wp-content\/uploads\/2024\/07\/DSC00308-copie-1024x1536.jpg 1024w, https:\/\/chroniques-biennale.org\/wp-content\/uploads\/2024\/07\/DSC00308-copie-1365x2048.jpg 1365w, https:\/\/chroniques-biennale.org\/wp-content\/uploads\/2024\/07\/DSC00308-copie-scaled.jpg 1507w\" sizes=\"auto, (max-width: 683px) 100vw, 683px\" \/><figcaption class=\"wp-element-caption\">\u00a9 Nina Gazaniol V\u00e9rit\u00e9<\/figcaption><\/figure>\n\n\n\n<figure class=\"wp-block-image size-large\"><img loading=\"lazy\" decoding=\"async\" width=\"693\" height=\"1024\" data-id=\"27684\" src=\"https:\/\/chroniques-biennale.org\/wp-content\/uploads\/2024\/07\/DSC00353-693x1024.jpg\" alt=\"\" class=\"wp-image-27684\" srcset=\"https:\/\/chroniques-biennale.org\/wp-content\/uploads\/2024\/07\/DSC00353-693x1024.jpg 693w, https:\/\/chroniques-biennale.org\/wp-content\/uploads\/2024\/07\/DSC00353-203x300.jpg 203w, https:\/\/chroniques-biennale.org\/wp-content\/uploads\/2024\/07\/DSC00353-768x1134.jpg 768w, https:\/\/chroniques-biennale.org\/wp-content\/uploads\/2024\/07\/DSC00353-1040x1536.jpg 1040w, https:\/\/chroniques-biennale.org\/wp-content\/uploads\/2024\/07\/DSC00353-1387x2048.jpg 1387w, https:\/\/chroniques-biennale.org\/wp-content\/uploads\/2024\/07\/DSC00353-scaled.jpg 1530w\" sizes=\"auto, (max-width: 693px) 100vw, 693px\" \/><figcaption class=\"wp-element-caption\">\u00a9 Nina Gazaniol V\u00e9rit\u00e9<\/figcaption><\/figure>\n\n\n\n<figure class=\"wp-block-image size-large\"><img loading=\"lazy\" decoding=\"async\" width=\"1024\" height=\"576\" data-id=\"27678\" src=\"https:\/\/chroniques-biennale.org\/wp-content\/uploads\/2024\/07\/melissa_80-1-1024x576.jpg\" alt=\"\" class=\"wp-image-27678\" srcset=\"https:\/\/chroniques-biennale.org\/wp-content\/uploads\/2024\/07\/melissa_80-1-1024x576.jpg 1024w, https:\/\/chroniques-biennale.org\/wp-content\/uploads\/2024\/07\/melissa_80-1-300x169.jpg 300w, https:\/\/chroniques-biennale.org\/wp-content\/uploads\/2024\/07\/melissa_80-1-768x432.jpg 768w, https:\/\/chroniques-biennale.org\/wp-content\/uploads\/2024\/07\/melissa_80-1-1536x864.jpg 1536w, https:\/\/chroniques-biennale.org\/wp-content\/uploads\/2024\/07\/melissa_80-1.jpg 1920w\" sizes=\"auto, (max-width: 1024px) 100vw, 1024px\" \/><figcaption class=\"wp-element-caption\">\u00a9 Nina Gazaniol V\u00e9rit\u00e9<\/figcaption><\/figure>\n<\/figure>\n\n\n\n<div style=\"height:50px\" aria-hidden=\"true\" class=\"wp-block-spacer\"><\/div>\n\n\n\n<h4 class=\"wp-block-heading\">Artists<\/h4>\n\n\n<div class=\"listOfArtistes\"><div class=\"artisteInList alignwide \">\n    \n\n\n   \n\n    \n    <div class=\"artisteBlock\">\n    <div class=\"artisteBlockLeft\">\n        <div class=\"postThumbnailWrapper\">\n            \n                        <a class=\"postThumbnailLink\" href=\"https:\/\/chroniques-biennale.org\/en\/artiste\/nina-gazaniol\/\">\n            \n                        <img loading=\"lazy\" decoding=\"async\" src=\"https:\/\/chroniques-biennale.org\/wp-content\/uploads\/2024\/06\/NGV_\u00a9ninagazaniolverite.jpeg\" width=\"813\" height=\"1042\" alt=\"\" class=\"lazyload\" \/>\n            \n            \n                        <\/a>\n                    <\/div>\n    <\/div>\n    <div class=\"artisteBlockRight postInfos\">\n        \n        <h2 class=\"postTitle\"><a class=\"postThumbnailLink\" href=\"https:\/\/chroniques-biennale.org\/en\/artiste\/nina-gazaniol\/\">Nina Gazaniol V\u00e9rit\u00e9 (FR)<\/a><\/h2>\n        <div class=\"artistContactLine\"><\/div>\n\n        \n        \n        <div class=\"artisteContent\"><p>With a degree in Performing Arts and Journalism, she studied the hijacking of television through performance art in the dissertation \u201cDon&#8217;t hate the Media, Be the media\u201d, interned at ARTE and approached experimental cinema while getting involved in multiple cross-disciplinary projects. In 2013, she joined the Formation sup\u00e9rieure pour la cr\u00e9ation en espace public (FAI AR \/ Marseille), where she developed her interest in architecture, territories, notions of space and inhabitants. Since 2015, she has been imagining various projects while cultivating a valuable relationship with research and writing. She regularly collaborates with different groups and artists while pursuing her own work at the crossroads of video and spatial arts, performance and documentary, questioning a plastic writing rooted in reality. And vice versa. Since 2023, she has been accompanied and supported by Parall\u00e8le, Pratiques artistiques \u00e9mergentes internationales (Marseille).<\/p>\n<\/div>\n    <\/div>\n\n    <\/div>\n\n\n<\/div><\/div>\n\n\n\n<p>Credits and mentions<\/p>\n\n\n\n<p class=\"has-small-font-size\">Production: association tropacool.<br>Coproduction: CHRONIQUES Biennale des Imaginaires Num\u00e9riques, Parall\u00e8le, pratiques artistiques \u00e9mergentes internationales, le 3 bis f &#8211; Centre d&#8217;arts contemporains d&#8217;int\u00e9r\u00eat national.<br>Support and partners: GMEM &#8211; national center for musical creation.<br>As part of CHRONIQUES creations with the support of DRAC Provence-Alpes-C\u00f4tes d&#8217;Azur, R\u00e9gion Sud and the city of Marseille<\/p>\n\n\n\n<p class=\"has-small-font-size\">Nina Gazaniol V\u00e9rit\u00e9: Concept, writing, video<br>Marion Vincent: writing, dramaturgy<br>\u00c9lie Peyssard: sound recording<br>Matthieu Fuentes: sound creation, sound post-production<br>Ingrid Rivet &#8211; On va vers le beau: administration, social management<br>Parall\u00e8le: support for production and distribution<\/p>\n","protected":false},"featured_media":27683,"menu_order":0,"template":"","edition":[116],"type_oeuvre":[28,25,117],"class_list":["post-29197","oeuvre","type-oeuvre","status-publish","has-post-thumbnail","hentry","entry"],"_links":{"self":[{"href":"https:\/\/chroniques-biennale.org\/en\/wp-json\/wp\/v2\/oeuvre\/29197","targetHints":{"allow":["GET"]}}],"collection":[{"href":"https:\/\/chroniques-biennale.org\/en\/wp-json\/wp\/v2\/oeuvre"}],"about":[{"href":"https:\/\/chroniques-biennale.org\/en\/wp-json\/wp\/v2\/types\/oeuvre"}],"wp:featuredmedia":[{"embeddable":true,"href":"https:\/\/chroniques-biennale.org\/en\/wp-json\/wp\/v2\/media\/27683"}],"wp:attachment":[{"href":"https:\/\/chroniques-biennale.org\/en\/wp-json\/wp\/v2\/media?parent=29197"}],"wp:term":[{"taxonomy":"edition","embeddable":true,"href":"https:\/\/chroniques-biennale.org\/en\/wp-json\/wp\/v2\/edition?post=29197"},{"taxonomy":"type_oeuvre","embeddable":true,"href":"https:\/\/chroniques-biennale.org\/en\/wp-json\/wp\/v2\/type_oeuvre?post=29197"}],"curies":[{"name":"wp","href":"https:\/\/api.w.org\/{rel}","templated":true}]}}

<div class="wp-block-group oeuvreTopRow is-layout-constrained wp-block-group-is-layout-constrained">
<h1 class="wp-block-heading is-style-default">HOW PAMELA ANDERSON AND MY CAMERA MADE ME LOOK AT WOMEN WHO HAVE PLASTIC SURGERY.</h1>



<h2 class="wp-block-heading">Nina Gazaniol Vérité</h2>



<p>Video</p>
</div>



<div class="wp-block-columns is-layout-flex wp-container-core-columns-is-layout-28f84493 wp-block-columns-is-layout-flex">
<div class="wp-block-column is-layout-flow wp-block-column-is-layout-flow" style="flex-basis:33.33%"></div>



<div class="wp-block-column is-layout-flow wp-block-column-is-layout-flow" style="flex-basis:66.66%">
<p>In Marseille, inspired by Pamela Anderson, Nina Gazaniol Vérité embarked on a film adventure alongside several women who have resorted to cosmetic surgery and medicine. By questioning the trivialization of this practice, as well as notions of norms and deviance, she questions her own relationship with the feminine. This film is the sharing of a deconstruction, but perhaps also a story of lies and violence, blood and beauty, power and self-assertion.</p>
</div>
</div>



<figure class="wp-block-image size-large is-resized"><img decoding="async" src="https://chroniques-biennale.org/wp-content/uploads/2024/07/visu_pamela_hd-705x1024.jpg" alt="" class="wp-image-27682" style="width:554px;height:auto"/><figcaption class="wp-element-caption">© Nina Gazaniol Vérité</figcaption></figure>



<figure class="wp-block-gallery has-nested-images columns-default is-cropped wp-block-gallery-1 is-layout-flex wp-block-gallery-is-layout-flex">
<figure class="wp-block-image size-large"><img loading="lazy" decoding="async" width="1024" height="576" data-id="27676" src="https://chroniques-biennale.org/wp-content/uploads/2024/07/chirurgie_30-1-1024x576.jpg" alt="" class="wp-image-27676" srcset="https://chroniques-biennale.org/wp-content/uploads/2024/07/chirurgie_30-1-1024x576.jpg 1024w, https://chroniques-biennale.org/wp-content/uploads/2024/07/chirurgie_30-1-300x169.jpg 300w, https://chroniques-biennale.org/wp-content/uploads/2024/07/chirurgie_30-1-768x432.jpg 768w, https://chroniques-biennale.org/wp-content/uploads/2024/07/chirurgie_30-1-1536x864.jpg 1536w, https://chroniques-biennale.org/wp-content/uploads/2024/07/chirurgie_30-1-2048x1152.jpg 2048w" sizes="auto, (max-width: 1024px) 100vw, 1024px" /><figcaption class="wp-element-caption">© Nina Gazaniol Vérité</figcaption></figure>



<figure class="wp-block-image size-large"><img loading="lazy" decoding="async" width="683" height="1024" data-id="27677" src="https://chroniques-biennale.org/wp-content/uploads/2024/07/DSC00308-copie-683x1024.jpg" alt="" class="wp-image-27677" srcset="https://chroniques-biennale.org/wp-content/uploads/2024/07/DSC00308-copie-683x1024.jpg 683w, https://chroniques-biennale.org/wp-content/uploads/2024/07/DSC00308-copie-200x300.jpg 200w, https://chroniques-biennale.org/wp-content/uploads/2024/07/DSC00308-copie-768x1152.jpg 768w, https://chroniques-biennale.org/wp-content/uploads/2024/07/DSC00308-copie-1024x1536.jpg 1024w, https://chroniques-biennale.org/wp-content/uploads/2024/07/DSC00308-copie-1365x2048.jpg 1365w, https://chroniques-biennale.org/wp-content/uploads/2024/07/DSC00308-copie-scaled.jpg 1507w" sizes="auto, (max-width: 683px) 100vw, 683px" /><figcaption class="wp-element-caption">© Nina Gazaniol Vérité</figcaption></figure>



<figure class="wp-block-image size-large"><img loading="lazy" decoding="async" width="693" height="1024" data-id="27684" src="https://chroniques-biennale.org/wp-content/uploads/2024/07/DSC00353-693x1024.jpg" alt="" class="wp-image-27684" srcset="https://chroniques-biennale.org/wp-content/uploads/2024/07/DSC00353-693x1024.jpg 693w, https://chroniques-biennale.org/wp-content/uploads/2024/07/DSC00353-203x300.jpg 203w, https://chroniques-biennale.org/wp-content/uploads/2024/07/DSC00353-768x1134.jpg 768w, https://chroniques-biennale.org/wp-content/uploads/2024/07/DSC00353-1040x1536.jpg 1040w, https://chroniques-biennale.org/wp-content/uploads/2024/07/DSC00353-1387x2048.jpg 1387w, https://chroniques-biennale.org/wp-content/uploads/2024/07/DSC00353-scaled.jpg 1530w" sizes="auto, (max-width: 693px) 100vw, 693px" /><figcaption class="wp-element-caption">© Nina Gazaniol Vérité</figcaption></figure>



<figure class="wp-block-image size-large"><img loading="lazy" decoding="async" width="1024" height="576" data-id="27678" src="https://chroniques-biennale.org/wp-content/uploads/2024/07/melissa_80-1-1024x576.jpg" alt="" class="wp-image-27678" srcset="https://chroniques-biennale.org/wp-content/uploads/2024/07/melissa_80-1-1024x576.jpg 1024w, https://chroniques-biennale.org/wp-content/uploads/2024/07/melissa_80-1-300x169.jpg 300w, https://chroniques-biennale.org/wp-content/uploads/2024/07/melissa_80-1-768x432.jpg 768w, https://chroniques-biennale.org/wp-content/uploads/2024/07/melissa_80-1-1536x864.jpg 1536w, https://chroniques-biennale.org/wp-content/uploads/2024/07/melissa_80-1.jpg 1920w" sizes="auto, (max-width: 1024px) 100vw, 1024px" /><figcaption class="wp-element-caption">© Nina Gazaniol Vérité</figcaption></figure>
</figure>



<div style="height:50px" aria-hidden="true" class="wp-block-spacer"></div>



<h4 class="wp-block-heading">Artists</h4>


<div class="listOfArtistes"><div class="artisteInList alignwide ">
    


   

    
    <div class="artisteBlock">
    <div class="artisteBlockLeft">
        <div class="postThumbnailWrapper">
            
                        <a class="postThumbnailLink" href="https://chroniques-biennale.org/en/artiste/nina-gazaniol/">
            
                        <img loading="lazy" decoding="async" src="https://chroniques-biennale.org/wp-content/uploads/2024/06/NGV_©ninagazaniolverite.jpeg" width="813" height="1042" alt="" class="lazyload" />
            
            
                        </a>
                    </div>
    </div>
    <div class="artisteBlockRight postInfos">
        
        <h2 class="postTitle"><a class="postThumbnailLink" href="https://chroniques-biennale.org/en/artiste/nina-gazaniol/">Nina Gazaniol Vérité (FR)</a></h2>
        <div class="artistContactLine"></div>

        
        
        <div class="artisteContent"><p>With a degree in Performing Arts and Journalism, she studied the hijacking of television through performance art in the dissertation “Don&#8217;t hate the Media, Be the media”, interned at ARTE and approached experimental cinema while getting involved in multiple cross-disciplinary projects. In 2013, she joined the Formation supérieure pour la création en espace public (FAI AR / Marseille), where she developed her interest in architecture, territories, notions of space and inhabitants. Since 2015, she has been imagining various projects while cultivating a valuable relationship with research and writing. She regularly collaborates with different groups and artists while pursuing her own work at the crossroads of video and spatial arts, performance and documentary, questioning a plastic writing rooted in reality. And vice versa. Since 2023, she has been accompanied and supported by Parallèle, Pratiques artistiques émergentes internationales (Marseille).</p>
</div>
    </div>

    </div>


</div></div>



<p>Credits and mentions</p>



<p class="has-small-font-size">Production: association tropacool.<br>Coproduction: CHRONIQUES Biennale des Imaginaires Numériques, Parallèle, pratiques artistiques émergentes internationales, le 3 bis f &#8211; Centre d&#8217;arts contemporains d&#8217;intérêt national.<br>Support and partners: GMEM &#8211; national center for musical creation.<br>As part of CHRONIQUES creations with the support of DRAC Provence-Alpes-Côtes d&#8217;Azur, Région Sud and the city of Marseille</p>



<p class="has-small-font-size">Nina Gazaniol Vérité: Concept, writing, video<br>Marion Vincent: writing, dramaturgy<br>Élie Peyssard: sound recording<br>Matthieu Fuentes: sound creation, sound post-production<br>Ingrid Rivet &#8211; On va vers le beau: administration, social management<br>Parallèle: support for production and distribution</p>
