{"id":32481,"date":"2026-06-03T09:44:54","date_gmt":"2026-06-03T07:44:54","guid":{"rendered":"https:\/\/chroniques-biennale.org\/?post_type=oeuvre&#038;p=32481"},"modified":"2026-07-17T15:55:58","modified_gmt":"2026-07-17T13:55:58","slug":"invu-archipel","status":"publish","type":"oeuvre","link":"https:\/\/chroniques-biennale.org\/en\/oeuvre\/invu-archipel\/","title":{"rendered":"INVU [Archipel]"},"content":{"rendered":"\n<div class=\"wp-block-columns are-vertically-aligned-center is-layout-flex wp-container-core-columns-is-layout-002ffff5 wp-block-columns-is-layout-flex\">\n<div class=\"wp-block-column is-vertically-aligned-center is-layout-flow wp-block-column-is-layout-flow\" style=\"flex-basis:33.33%\">\n<figure class=\"wp-block-image size-large wp-duotone-blue-orange\"><img loading=\"lazy\" decoding=\"async\" width=\"1024\" height=\"564\" src=\"https:\/\/chroniques-biennale.org\/wp-content\/uploads\/2026\/06\/Recherche-Eva-Vedel_01-e1780472402118-1024x564.jpg\" alt=\"\" class=\"wp-image-31333\" srcset=\"https:\/\/chroniques-biennale.org\/wp-content\/uploads\/2026\/06\/Recherche-Eva-Vedel_01-e1780472402118-1024x564.jpg 1024w, https:\/\/chroniques-biennale.org\/wp-content\/uploads\/2026\/06\/Recherche-Eva-Vedel_01-e1780472402118-300x165.jpg 300w, https:\/\/chroniques-biennale.org\/wp-content\/uploads\/2026\/06\/Recherche-Eva-Vedel_01-e1780472402118-768x423.jpg 768w, https:\/\/chroniques-biennale.org\/wp-content\/uploads\/2026\/06\/Recherche-Eva-Vedel_01-e1780472402118-1536x846.jpg 1536w, https:\/\/chroniques-biennale.org\/wp-content\/uploads\/2026\/06\/Recherche-Eva-Vedel_01-e1780472402118.jpg 1928w\" sizes=\"auto, (max-width: 1024px) 100vw, 1024px\" \/><\/figure>\n<\/div>\n\n\n\n<div class=\"wp-block-column is-vertically-aligned-center is-layout-flow wp-block-column-is-layout-flow\" style=\"flex-basis:66.66%\">\n<h2 class=\"wp-block-heading\"><strong><strong>Cl\u00e9ment \u00c9douard <sup>FR<\/sup><\/strong><\/strong><br><strong><em>INVU [Archipel]<\/em><\/strong><br><\/h2>\n\n\n\n<h5 class=\"wp-block-heading\"><strong>Sound Installation<\/strong><\/h5>\n<\/div>\n<\/div>\n\n\n\n<div style=\"height:31px\" aria-hidden=\"true\" class=\"wp-block-spacer\"><\/div>\n\n\n\n<hr class=\"wp-block-separator has-text-color has-white-color has-alpha-channel-opacity has-white-background-color has-background is-style-wide\"\/>\n\n\n\n<div style=\"height:31px\" aria-hidden=\"true\" class=\"wp-block-spacer\"><\/div>\n\n\n\n<div class=\"wp-block-columns is-layout-flex wp-container-core-columns-is-layout-002ffff5 wp-block-columns-is-layout-flex\">\n<div class=\"wp-block-column is-layout-flow wp-block-column-is-layout-flow\" style=\"border-top-style:none;border-top-width:0px;border-right-color:var(--wp--preset--color--white);border-right-style:solid;border-right-width:1px;border-bottom-style:none;border-bottom-width:0px;border-left-style:none;border-left-width:0px;padding-top:var(--wp--preset--spacing--50);padding-right:var(--wp--preset--spacing--50);padding-bottom:var(--wp--preset--spacing--50);padding-left:var(--wp--preset--spacing--50);flex-basis:33.33%\">\n<p class=\"wp-block-paragraph\"><strong>Friday, the 23rd, from 5:00 p.m. to 10:00 p.m. <br>Saturday, October 24, from 2:00 p.m. to 10:00 p.m.<\/strong><\/p>\n\n\n\n<p class=\"wp-block-paragraph\"><strong>Friche la Belle de Mai<\/strong><br>Le Module<br><br><br><strong>Free admission<\/strong><br><br>Performances by Isabel S\u00f6rling within the installation on Friday, October 23, from 6:30 p.m. to 8:30 p.m., and on Saturday, October 24, from 4:00 p.m. to 8:00 p.m.<\/p>\n\n\n\n<details class=\"wp-block-details has-small-font-size is-layout-flow wp-block-details-is-layout-flow\"><summary>Cast<\/summary>\n<p class=\"wp-block-paragraph\">Concept and Composition: Cl\u00e9ment Edouard <br>Object Design and Set Design: Eva Vedel <br>Sound Design: Antoine Gonot and Mat\u00e9o Fayet <br>Performance: Isabel S\u00f6rling<br>Recorded Voices: Stimmlippe Vocal Ensemble <br>&#8211; <br>Production Manager: Perline Feurtey<\/p>\n<\/details>\n\n\n\n<details class=\"wp-block-details has-small-font-size is-layout-flow wp-block-details-is-layout-flow\"><summary>Credits<\/summary>\n<p class=\"wp-block-paragraph\">Production: Compagnie Mage <br>. Co-production: GMEM\u2014National Center for Musical Creation in Marseille; Rotondes\u2014Explorations Culturelles (Luxembourg); GMEA\u2014National Center for Musical Creation in Albi. <br>With support from the Rh\u00f4ne-Alpes-Auvergne Region, the DRAC Rh\u00f4ne-Alpes-Auvergne, the Maison de la Musique Contemporaine, SACEM, Spedidam, and Adami. Sound design developed in collaboration with IRCAM, Paris <\/p>\n<\/details>\n\n\n\n<figure class=\"wp-block-image size-large is-resized\"><img loading=\"lazy\" decoding=\"async\" width=\"1024\" height=\"275\" src=\"https:\/\/chroniques-biennale.org\/wp-content\/uploads\/2026\/06\/CN_Creations_BLANC-1024x275.png\" alt=\"\" class=\"wp-image-31389\" style=\"aspect-ratio:3.7240592930444696;width:191px;height:auto\" srcset=\"https:\/\/chroniques-biennale.org\/wp-content\/uploads\/2026\/06\/CN_Creations_BLANC-1024x275.png 1024w, https:\/\/chroniques-biennale.org\/wp-content\/uploads\/2026\/06\/CN_Creations_BLANC-300x80.png 300w, https:\/\/chroniques-biennale.org\/wp-content\/uploads\/2026\/06\/CN_Creations_BLANC-768x206.png 768w, https:\/\/chroniques-biennale.org\/wp-content\/uploads\/2026\/06\/CN_Creations_BLANC-1536x412.png 1536w, https:\/\/chroniques-biennale.org\/wp-content\/uploads\/2026\/06\/CN_Creations_BLANC-2048x549.png 2048w\" sizes=\"auto, (max-width: 1024px) 100vw, 1024px\" \/><\/figure>\n<\/div>\n\n\n\n<div class=\"wp-block-column is-layout-flow wp-block-column-is-layout-flow\" style=\"flex-basis:66.66%\">\n<p class=\"wp-block-paragraph\"><em>INVU<\/em> consists of seven sand sculptures, each incorporating a wireless speaker and a motion sensor. These objects, designed by artist Eva Vedel, are inspired by biomorphism; they appear as forms in the making\u2014unstable, porous, and permeated by the forces around them.<br>They can be picked up and moved by the public; each movement alters the sound material and its spatialization, transforming the perception of the whole. The melodies they emit draw their inspiration from a reinvented lyricism, giving rise to a shared space that is both fragile and strong: a refuge where one can draw strength from resilience and connection.    <\/p>\n\n\n\n<p class=\"wp-block-paragraph\">Singer Isabel S\u00f6rling will perform live, and this dynamic performance will extend and enrich the relational dimension of the installation, while guiding the audience as they explore the work.<\/p>\n\n\n\n<p class=\"wp-block-paragraph\"><em>INVU<\/em> draws on \u201cThe Power of Gentleness\u201d and \u201cIn Praise of Risk,\u201d two essays by philosopher Anne Dufourmantelle\u2014in which each of these concepts is viewed as a political force, an act of resistance and action. These are forces capable of countering the tensions of confrontation and of opposing the tragedy of war-related violence with an energy of transformation and care. <\/p>\n<\/div>\n<\/div>\n\n\n\n<figure class=\"wp-block-image alignwide size-large\"><img loading=\"lazy\" decoding=\"async\" width=\"1024\" height=\"564\" src=\"https:\/\/chroniques-biennale.org\/wp-content\/uploads\/2026\/06\/Recherche-Eva-Vedel_01-e1780472402118-1024x564.jpg\" alt=\"\" class=\"wp-image-31333\" srcset=\"https:\/\/chroniques-biennale.org\/wp-content\/uploads\/2026\/06\/Recherche-Eva-Vedel_01-e1780472402118-1024x564.jpg 1024w, https:\/\/chroniques-biennale.org\/wp-content\/uploads\/2026\/06\/Recherche-Eva-Vedel_01-e1780472402118-300x165.jpg 300w, https:\/\/chroniques-biennale.org\/wp-content\/uploads\/2026\/06\/Recherche-Eva-Vedel_01-e1780472402118-768x423.jpg 768w, https:\/\/chroniques-biennale.org\/wp-content\/uploads\/2026\/06\/Recherche-Eva-Vedel_01-e1780472402118-1536x846.jpg 1536w, https:\/\/chroniques-biennale.org\/wp-content\/uploads\/2026\/06\/Recherche-Eva-Vedel_01-e1780472402118.jpg 1928w\" sizes=\"auto, (max-width: 1024px) 100vw, 1024px\" \/><\/figure>\n\n\n<div class=\"listOfArtistes\"><div class=\"artisteInList alignwide \">\n    \n\n\n   \n\n    \n    <div class=\"artisteBlock\">\n    <div class=\"artisteBlockLeft\">\n        <div class=\"postThumbnailWrapper\">\n            \n                    <\/div>\n    <\/div>\n    <div class=\"artisteBlockRight postInfos\">\n        \n        <h2 class=\"postTitle\">Cl\u00e9ment \u00c9douard<\/h2>\n        <div class=\"artistContactLine\"><\/div>\n\n        \n        \n        <div class=\"artisteContent\"><p class=\"p1\">A composer and audio artist, Cl\u00e9ment \u00c9douard focuses on the nature of sound, his field of vibration and his perception, and his relationship with natural places and materials to create listening experiences that are simultaneously imaginary, physical, internal\u2026 He fosters a unique relationship with the vocal and the subtle, and delves particularly into notions of lightness and intensity, of the presence\/absence of natural\/composed echoes. His approach looks like an exploration, which he indulges by discerning zones of shadow, identifying mysteries, and by mapping it out.<\/p>\n<\/div>\n    <\/div>\n\n    <\/div>\n\n\n<\/div><\/div>\n","protected":false},"featured_media":32802,"menu_order":0,"template":"","edition":[140],"type_oeuvre":[28,25,95],"class_list":["post-32481","oeuvre","type-oeuvre","status-publish","has-post-thumbnail","hentry","entry"],"_links":{"self":[{"href":"https:\/\/chroniques-biennale.org\/en\/wp-json\/wp\/v2\/oeuvre\/32481","targetHints":{"allow":["GET"]}}],"collection":[{"href":"https:\/\/chroniques-biennale.org\/en\/wp-json\/wp\/v2\/oeuvre"}],"about":[{"href":"https:\/\/chroniques-biennale.org\/en\/wp-json\/wp\/v2\/types\/oeuvre"}],"wp:featuredmedia":[{"embeddable":true,"href":"https:\/\/chroniques-biennale.org\/en\/wp-json\/wp\/v2\/media\/32802"}],"wp:attachment":[{"href":"https:\/\/chroniques-biennale.org\/en\/wp-json\/wp\/v2\/media?parent=32481"}],"wp:term":[{"taxonomy":"edition","embeddable":true,"href":"https:\/\/chroniques-biennale.org\/en\/wp-json\/wp\/v2\/edition?post=32481"},{"taxonomy":"type_oeuvre","embeddable":true,"href":"https:\/\/chroniques-biennale.org\/en\/wp-json\/wp\/v2\/type_oeuvre?post=32481"}],"curies":[{"name":"wp","href":"https:\/\/api.w.org\/{rel}","templated":true}]}}

<div class="wp-block-columns are-vertically-aligned-center is-layout-flex wp-container-core-columns-is-layout-002ffff5 wp-block-columns-is-layout-flex">
<div class="wp-block-column is-vertically-aligned-center is-layout-flow wp-block-column-is-layout-flow" style="flex-basis:33.33%">
<figure class="wp-block-image size-large wp-duotone-blue-orange"><img loading="lazy" decoding="async" width="1024" height="564" src="https://chroniques-biennale.org/wp-content/uploads/2026/06/Recherche-Eva-Vedel_01-e1780472402118-1024x564.jpg" alt="" class="wp-image-31333" srcset="https://chroniques-biennale.org/wp-content/uploads/2026/06/Recherche-Eva-Vedel_01-e1780472402118-1024x564.jpg 1024w, https://chroniques-biennale.org/wp-content/uploads/2026/06/Recherche-Eva-Vedel_01-e1780472402118-300x165.jpg 300w, https://chroniques-biennale.org/wp-content/uploads/2026/06/Recherche-Eva-Vedel_01-e1780472402118-768x423.jpg 768w, https://chroniques-biennale.org/wp-content/uploads/2026/06/Recherche-Eva-Vedel_01-e1780472402118-1536x846.jpg 1536w, https://chroniques-biennale.org/wp-content/uploads/2026/06/Recherche-Eva-Vedel_01-e1780472402118.jpg 1928w" sizes="auto, (max-width: 1024px) 100vw, 1024px" /></figure>
</div>



<div class="wp-block-column is-vertically-aligned-center is-layout-flow wp-block-column-is-layout-flow" style="flex-basis:66.66%">
<h2 class="wp-block-heading"><strong><strong>Clément Édouard <sup>FR</sup></strong></strong><br><strong><em>INVU [Archipel]</em></strong><br></h2>



<h5 class="wp-block-heading"><strong>Sound Installation</strong></h5>
</div>
</div>



<div style="height:31px" aria-hidden="true" class="wp-block-spacer"></div>



<hr class="wp-block-separator has-text-color has-white-color has-alpha-channel-opacity has-white-background-color has-background is-style-wide"/>



<div style="height:31px" aria-hidden="true" class="wp-block-spacer"></div>



<div class="wp-block-columns is-layout-flex wp-container-core-columns-is-layout-002ffff5 wp-block-columns-is-layout-flex">
<div class="wp-block-column is-layout-flow wp-block-column-is-layout-flow" style="border-top-style:none;border-top-width:0px;border-right-color:var(--wp--preset--color--white);border-right-style:solid;border-right-width:1px;border-bottom-style:none;border-bottom-width:0px;border-left-style:none;border-left-width:0px;padding-top:var(--wp--preset--spacing--50);padding-right:var(--wp--preset--spacing--50);padding-bottom:var(--wp--preset--spacing--50);padding-left:var(--wp--preset--spacing--50);flex-basis:33.33%">
<p class="wp-block-paragraph"><strong>Friday, the 23rd, from 5:00 p.m. to 10:00 p.m. <br>Saturday, October 24, from 2:00 p.m. to 10:00 p.m.</strong></p>



<p class="wp-block-paragraph"><strong>Friche la Belle de Mai</strong><br>Le Module<br><br><br><strong>Free admission</strong><br><br>Performances by Isabel Sörling within the installation on Friday, October 23, from 6:30 p.m. to 8:30 p.m., and on Saturday, October 24, from 4:00 p.m. to 8:00 p.m.</p>



<details class="wp-block-details has-small-font-size is-layout-flow wp-block-details-is-layout-flow"><summary>Cast</summary>
<p class="wp-block-paragraph">Concept and Composition: Clément Edouard <br>Object Design and Set Design: Eva Vedel <br>Sound Design: Antoine Gonot and Matéo Fayet <br>Performance: Isabel Sörling<br>Recorded Voices: Stimmlippe Vocal Ensemble <br>&#8211; <br>Production Manager: Perline Feurtey</p>
</details>



<details class="wp-block-details has-small-font-size is-layout-flow wp-block-details-is-layout-flow"><summary>Credits</summary>
<p class="wp-block-paragraph">Production: Compagnie Mage <br>. Co-production: GMEM—National Center for Musical Creation in Marseille; Rotondes—Explorations Culturelles (Luxembourg); GMEA—National Center for Musical Creation in Albi. <br>With support from the Rhône-Alpes-Auvergne Region, the DRAC Rhône-Alpes-Auvergne, the Maison de la Musique Contemporaine, SACEM, Spedidam, and Adami. Sound design developed in collaboration with IRCAM, Paris </p>
</details>



<figure class="wp-block-image size-large is-resized"><img loading="lazy" decoding="async" width="1024" height="275" src="https://chroniques-biennale.org/wp-content/uploads/2026/06/CN_Creations_BLANC-1024x275.png" alt="" class="wp-image-31389" style="aspect-ratio:3.7240592930444696;width:191px;height:auto" srcset="https://chroniques-biennale.org/wp-content/uploads/2026/06/CN_Creations_BLANC-1024x275.png 1024w, https://chroniques-biennale.org/wp-content/uploads/2026/06/CN_Creations_BLANC-300x80.png 300w, https://chroniques-biennale.org/wp-content/uploads/2026/06/CN_Creations_BLANC-768x206.png 768w, https://chroniques-biennale.org/wp-content/uploads/2026/06/CN_Creations_BLANC-1536x412.png 1536w, https://chroniques-biennale.org/wp-content/uploads/2026/06/CN_Creations_BLANC-2048x549.png 2048w" sizes="auto, (max-width: 1024px) 100vw, 1024px" /></figure>
</div>



<div class="wp-block-column is-layout-flow wp-block-column-is-layout-flow" style="flex-basis:66.66%">
<p class="wp-block-paragraph"><em>INVU</em> consists of seven sand sculptures, each incorporating a wireless speaker and a motion sensor. These objects, designed by artist Eva Vedel, are inspired by biomorphism; they appear as forms in the making—unstable, porous, and permeated by the forces around them.<br>They can be picked up and moved by the public; each movement alters the sound material and its spatialization, transforming the perception of the whole. The melodies they emit draw their inspiration from a reinvented lyricism, giving rise to a shared space that is both fragile and strong: a refuge where one can draw strength from resilience and connection.    </p>



<p class="wp-block-paragraph">Singer Isabel Sörling will perform live, and this dynamic performance will extend and enrich the relational dimension of the installation, while guiding the audience as they explore the work.</p>



<p class="wp-block-paragraph"><em>INVU</em> draws on “The Power of Gentleness” and “In Praise of Risk,” two essays by philosopher Anne Dufourmantelle—in which each of these concepts is viewed as a political force, an act of resistance and action. These are forces capable of countering the tensions of confrontation and of opposing the tragedy of war-related violence with an energy of transformation and care. </p>
</div>
</div>



<figure class="wp-block-image alignwide size-large"><img loading="lazy" decoding="async" width="1024" height="564" src="https://chroniques-biennale.org/wp-content/uploads/2026/06/Recherche-Eva-Vedel_01-e1780472402118-1024x564.jpg" alt="" class="wp-image-31333" srcset="https://chroniques-biennale.org/wp-content/uploads/2026/06/Recherche-Eva-Vedel_01-e1780472402118-1024x564.jpg 1024w, https://chroniques-biennale.org/wp-content/uploads/2026/06/Recherche-Eva-Vedel_01-e1780472402118-300x165.jpg 300w, https://chroniques-biennale.org/wp-content/uploads/2026/06/Recherche-Eva-Vedel_01-e1780472402118-768x423.jpg 768w, https://chroniques-biennale.org/wp-content/uploads/2026/06/Recherche-Eva-Vedel_01-e1780472402118-1536x846.jpg 1536w, https://chroniques-biennale.org/wp-content/uploads/2026/06/Recherche-Eva-Vedel_01-e1780472402118.jpg 1928w" sizes="auto, (max-width: 1024px) 100vw, 1024px" /></figure>


<div class="listOfArtistes"><div class="artisteInList alignwide ">
    


   

    
    <div class="artisteBlock">
    <div class="artisteBlockLeft">
        <div class="postThumbnailWrapper">
            
                    </div>
    </div>
    <div class="artisteBlockRight postInfos">
        
        <h2 class="postTitle">Clément Édouard</h2>
        <div class="artistContactLine"></div>

        
        
        <div class="artisteContent"><p class="p1">A composer and audio artist, Clément Édouard focuses on the nature of sound, his field of vibration and his perception, and his relationship with natural places and materials to create listening experiences that are simultaneously imaginary, physical, internal… He fosters a unique relationship with the vocal and the subtle, and delves particularly into notions of lightness and intensity, of the presence/absence of natural/composed echoes. His approach looks like an exploration, which he indulges by discerning zones of shadow, identifying mysteries, and by mapping it out.</p>
</div>
    </div>

    </div>


</div></div>
